37) prime?
True
Let l = 792 + -793. Is 9239*(6 - 5 - l) a prime number?
False
Let n(a) = 40*a**2 + 85*a - 34. Is n(29) prime?
False
Is (29/(522/(-36)))/((-4)/98506) a prime number?
True
Let t = 30 + -40. Is (-4)/t + (-57365)/(-25) + -2 prime?
True
Let i = -41878 - -78311. Is i prime?
True
Let f be (-6)/39 - 164/(-52). Suppose -m - 9 = -5*t - 0*m, m = -t + f. Suppose j - 2*j = -s - 619, -2466 = -4*j + t*s. Is j prime?
False
Let n(g) = 355*g - 26. Suppose -322 = -13*r + 198. Let x = r - 33. Is n(x) composite?
False
Suppose -30 = -4*y + y. Suppose -4*m - m = -y. Suppose -2*c + 70 = -c - 3*q, m*c - 195 = -5*q. Is c prime?
False
Let g(z) = -154*z**3 - z**2 - 16*z - 2. Let k(v) = v**3 + 2*v. Let d(p) = g(p) + 6*k(p). Suppose 0 = -4*x - 2 - 2. Is d(x) composite?
False
Suppose -s = -0*s - 1. Let u be (-3 - -1)*(-40)/(4/s). Is ((-8090)/u)/(1/(-2)) a prime number?
True
Suppose k = -3*g + 7*g - 89563, -3*k = -3. Is g composite?
False
Let i be (-7 + 6)/(2/(-13292)). Suppose i = -5*g + 19226. Suppose -4*c + 2856 = 3*k + 340, 0 = 4*c - 4*k - g. Is c a prime number?
False
Suppose 2*h = 107407 + 145603. Is h a composite number?
True
Let n(v) = 6*v**3 - 4*v**2 - 14*v - 2. Let c be n(-6). Let b = c + 561. Is 0 + -2*b/2 prime?
True
Suppose -53*s + 49*s + 45404 = -5*i, -s + 11351 = i. Is s composite?
False
Let x = -206 + 206. Suppose -13*f + 505 + 1432 = x. Is f a prime number?
True
Suppose -21 = 5*b - 61. Let v(k) = 984*k + 22. Is v(b) a composite number?
True
Let y(o) = -9091*o - 4718. Is y(-31) a composite number?
True
Suppose -z = 4*o - 200591, 4*o + 601823 = 3*z + 6*o. Is z a composite number?
True
Suppose -27 = -4*h - 3. Let r = -258 + 219. Is h/r - (-6612)/52 a composite number?
False
Let d(c) be the third derivative of 301*c**4/2 + 59*c**3/6 + 2*c**2 - 6. Is d(3) composite?
True
Let n(i) = -17*i - 7*i + 44 - 21*i + 63*i + 3*i**2. Is n(-23) a composite number?
False
Suppose -4016880 = -22*y + 1562845 + 2302281. Is y a composite number?
False
Suppose 17712 = -9*n - 18675. Let w = 9112 + n. Is w prime?
False
Let b(x) = -x**3 + 21*x**2 + 4*x + 11. Let d be 2*(27/2 - (5 + -1)). Let z be b(d). Suppose -4*r + 2*s + 3194 = s, 0 = r + 5*s - z. Is r a prime number?
False
Suppose 0 = -45*z + 50*z + 20. Is 13079 + ((-120)/5)/z a prime number?
False
Let u = 58512 - -129349. Is u prime?
True
Suppose 0 = 19*f - 6435 + 1305. Suppose 2*o + 63 + 7 = 0. Let s = o + f. Is s a prime number?
False
Suppose 16 = 5*o + 3*o. Suppose o*n - 6 = -48. Is (n/(-14))/(3/110) a composite number?
True
Let x = -25963 + 46484. Is x prime?
True
Suppose -27*f = -14*f - 39. Suppose -f*r = -4*n + 6937, -n - 2*r = -5*n + 6938. Is n prime?
False
Suppose 0 = -4*v - 625 + 677. Suppose -w - 11*l = -v*l - 399, 2*w + l = 808. Is w a prime number?
False
Let z = 380295 + -253664. Is z prime?
True
Let r = 90631 + 430956. Is r a composite number?
True
Let i = 6 + -9. Let o be 3 + (1069/3)/((-1)/i). Is (5 - (2 - 1)) + 11 + o a composite number?
False
Suppose -515175 = -4*f - v, 3*f - 386395 = 49*v - 47*v. Is f composite?
True
Let y(l) = 27*l**3 + 12*l**2 - 2*l + 18. Is y(5) a prime number?
False
Suppose -k + 53*w - 56*w = 6, 5*w + 15 = 0. Suppose l = 4*a - 3*a - 1254, -k*a + 3768 = -l. Is a prime?
False
Let f = -3915 - -1194. Let s = f - -4751. Let d = 69 + s. Is d a prime number?
True
Let s = 62997 - -34714. Is s composite?
False
Let a(j) = 16*j**2 + 8*j - 19. Let f(q) = 64*q**2 + 33*q - 75. Let t be 0 + 0 - ((-98)/7)/(-7). Let c(w) = t*f(w) + 9*a(w). Is c(5) prime?
True
Let l(d) = -68*d + 7. Let x(i) = -i. Suppose 8*g + 17 = -7. Let s(w) = g*x(w) - l(w). Is s(6) prime?
True
Suppose 7*r + 1 = 15. Suppose -6*n - r = -4*n - 3*t, -4*n - 4*t = -36. Suppose -3*y = -n*b - y + 9563, b + 3*y - 1916 = 0. Is b a prime number?
True
Suppose -19*k = 2*s - 16*k - 202517, 3*s - 303768 = 3*k. Is s composite?
True
Let k = -398 + 402. Suppose -k*r = 15*r - 52649. Is r a composite number?
True
Let d(k) be the second derivative of -7*k**5/20 + k**4/12 - 7*k**2/2 - 8*k. Suppose 9 - 6 = -g. Is d(g) prime?
True
Let n be 21841 - (-7)/21*6. Suppose -28*c + n = -c. Is c a composite number?
False
Suppose 14*p = 18021743 - 5570745. Is p a composite number?
True
Suppose -5*h = -14*h - 188559. Let d = 46968 + h. Is d a prime number?
True
Let q = 115451 - 62350. Is q composite?
False
Let n = 161 + -40. Suppose 0 = -3*v + 89 + n. Let m = v - 3. Is m prime?
True
Suppose 0 = 5*j + 844 - 869. Suppose -80094 = -5*t + 4*o, -2*t + 3*o - 48051 = -j*t. Is t a prime number?
False
Suppose -844257 = -4*s - 5*f, -2*s + 42503 = f - 379624. Is s a composite number?
False
Suppose -8*z + 8 + 16 = 0. Let w = -149556 + 52336. Is 1/z + w/(-30) a composite number?
True
Let q(m) = -1. Let g(w) = 563*w + 3. Let y(b) = 281*b + 2. Let z(l) = -6*g(l) + 11*y(l). Let u(r) = -3*q(r) - z(r). Is u(2) prime?
False
Let l(p) = 49 - 58 + 56 + 2866*p + 54 + 64. Is l(8) composite?
True
Let b = 2576951 + -1566570. Is b composite?
False
Suppose -5*w - 3*z + 40 = 0, 0*w + 2*w - 4*z = 16. Is ((-4)/w)/((-6)/26148) a prime number?
True
Suppose 0 = 3*z + 5*y + 40, 5*y = -5*z - 54 - 16. Is 165 + (-45)/z*(-2)/3 a composite number?
False
Let s be 60/7 + (-3)/(-7). Suppose -4*n = -s*n + 4355. Is n a prime number?
False
Let d(l) = -l - 1. Let v be d(-5). Suppose 9037 = 2*q + 5*h, 5*q - 19421 = -3*h + 3162. Suppose v*s + 1032 = q. Is s prime?
False
Let i = -74502 + 157569. Is i a composite number?
True
Let u(t) = 265*t**3 - 6*t**2 + 3*t + 11. Suppose -5*s + 3*r - 7*r - 5 = 0, 0 = -5*s - 2*r + 5. Is u(s) prime?
True
Let s(y) = 6*y**3 + 30*y**2 - 17*y + 48. Is s(17) prime?
True
Let h = -826 + 823. Is (-3 - -1 - h)*(3235 - -24) a prime number?
True
Let o = -1681 + 4237. Let u = o + -1517. Is u a composite number?
False
Let k(o) = 658*o + 871. Is k(10) a composite number?
False
Let t(j) = -808355*j + 5553. Is t(-2) composite?
False
Let i(l) = 490*l**3 - 11*l**2 - 20*l + 116. Is i(5) a composite number?
True
Suppose -418883 = -5*t - 128733. Suppose -93*d + t = -79*d. Is d composite?
True
Suppose 3*p = 4*p + 4*j - 7, -3*p + 4*j - 59 = 0. Let w = p - -13. Suppose 6*u - 11*u + 2245 = w. Is u composite?
False
Let z(b) = -b**3 + 19*b**2 + 14*b - 8. Let l be z(19). Let a = l + -925. Let t = a - -1113. Is t prime?
False
Let v(b) = 19 - 42 + 28 + 489*b. Is v(6) a composite number?
False
Suppose 373 = i - 724. Let y = 1891 - i. Is y a composite number?
True
Suppose 4*o + c = -8554, -4*o + c - 10187 + 1637 = 0. Let k = 3521 + o. Is k a composite number?
True
Let r = 35927 + -17219. Is (-1)/(-1 - r/(-18714)) a prime number?
True
Suppose -2*l + 72194 = -143600. Is l a composite number?
False
Let z(s) = -s**3 - 33*s**2 + 24*s + 105. Let h be z(-34). Suppose 46663 = 4*p - h. Is p composite?
False
Let i(u) = 2*u + 97. Let y = -136 + 136. Is i(y) composite?
False
Suppose 2*n - 7*x = -4*x + 70828, 5*n - 5*x = 177075. Is n a composite number?
True
Let w(n) = -n**3 + 5*n**2 + 13*n - 9. Let x be w(-11). Suppose 0 = -2*v - 0*v - x. Is (v/8)/((-3)/30) prime?
False
Let d(l) = 35877*l + 124. Let i be d(18). Suppose -182*r - i = -192*r. Is r a composite number?
False
Let n(i) = 282*i**3 - 2*i + 7. Let x = 228 + -225. Is n(x) composite?
True
Suppose -34*q = -29*q - 2*j - 55335, -2*q + 22140 = -2*j. Is q a prime number?
False
Let p(x) = -37*x - 28. Let g(r) = 37*r + 28. Let j(c) = -3*g(c) - 2*p(c). Let u(a) = a - 12. Let k be u(7). Is j(k) composite?
False
Suppose 12*t - 112 = 16*t. Let q be 10/(-14) + 1 + 8/t. Suppose 8*s - 4*s - 1421 = -3*g, q = 4*s - 20. Is g prime?
True
Suppose 0 = -170*w + 2267 - 737. Let q(f) = 9*f**2 - 4 - 7*f + 2*f - 5*f. Is q(w) prime?
False
Let i(c) = -c**3 + 9*c**2 + 9*c + 12. Let b be i(10). Is -713*(-13 + 2) - b a prime number?
True
Let t(b) = 3*b + 1. Let q be t(0). Let v be 5 - (2 + -3 + q). Suppose -v*n - 2*n = -805. Is n composite?
True
Suppose -4*c - 174 = 2*l, -2*c = 4*l - 145 + 475. Let k = l + -25. Let j = 115 - k. Is j a composite number?
True
Let z = 1821974 + -511785. Is z a prime number?
True
Suppose -10*q + 2408032 = 5*q + 17*q. Is q prime?
False
Is -12 + 2184/180 + 11395826/30 composite?
True
Let z(w) = 2*w**3 + 3*w + 4899. Let d be z(0). Suppose -8128 - d = -7*m. Is m a composite number?
False
Let j(a) = -a**3 + 20*a**2 - 21*a + 3. Suppose -3*g - 47 = -2*g. Let d = -3